1?
4
0 + 4 - (8 - 4)
0
5 - (2 - -1 - (-1 - -1))
2
Calculate -7 + 4 + -5 + 3.
-5
What is 4 + (0 - -1 - (23 + -14))?
-4
What is the value of -10 + 22 + (-10 - -7)?
9
Evaluate 0 - 3 - ((7 - 1) + -12).
3
What is the value of (1 - 0) + -5 + (-3 - -3)?
-4
Calculate (-1 - -2) + (-20 - -2) + 14.
-3
Calculate -6 + (2 - (-3 + 2)).
-3
Evaluate -3 - (1 + (-5 - -6)).
-5
Evaluate -7 + (0 - -5) + (-1 - -4).
1
What is -6 - (3 - (-4 + 6))?
-7
-10 + 19 + -2 + -13
-6
What is -1 - (1 + 4 + -9)?
3
Evaluate 9 - 2 - (15 + (2 - 4)).
-6
Evaluate -5 - (-11 + 6) - (3 + -1).
-2
0 - (-3 + 2 - (-1 - -3))
3
(3 - 2) + -5 + 3 + 6
5
Calculate (1 - 3) + (3 - 2) - -2.
1
Evaluate 10 - 8 - (4 + 5) - 1.
-8
What is -2 + (-7 - (-19 - -8) - 1)?
1
(0 - (-2 - 0)) + (12 - 9)
5
What is (-11 - -9) + -2 + (0 - -4)?
0
Evaluate -1 + 5 + 5 + -14.
-5
Calculate 5 - (4 + -1 - 3).
5
(10 - 3 - 10) + (6 - 0)
3
Evaluate -3 + 2 + -1 - (-2 - 1).
1
What is the value of 0 + 5 - (-4 - -10)?
-1
10 + 6 + -10 - 9
-3
(-5 - -13) + (-29 - -25)
4
-1 + -3 - (20 + (-14 - 14))
4
Calculate -36 - -38 - ((0 - -1) + -2).
3
Calculate 4 + -1 + -3 + -5.
-5
(11 - 6) + -3 + -3
-1
2 + 8 + -2 - (-21 - -24)
5
(3 + -3 - -1) + -1
0
What is the value of -5 + 3 + 1 + 5?
4
Calculate 4 - (12 + -2 + -7).
1
What is 4 + 2 + -13 + 11 - 1?
3
What is the value of 1 + 0 + -5 + (1 - 0)?
-3
-6 + (4 + 4 + -5 - -6)
3
Evaluate -6 + (2 - (-11 - -8)).
-1
What is 7 + (0 - (1 - -2))?
4
What is -2 - (-8 + 5 - -2)?
-1
Evaluate (2 - (7 + -1 + 3)) + 2.
-5
Evaluate (1 - (2 - 10)) + -2.
7
What is the value of 5 - -1 - (18 - 8)?
-4
Evaluate -16 - -18 - (-1 + 3).
0
-1 - (6 - 7) - (-5 - -1)
4
What is the value of 1 + (-12 - -4) - (-10 + -3)?
6
What is the value of -12 + (10 - 2) + -3?
-7
(15 - 16) + (-1 - -7)
5
Calculate (6 - -6) + -14 + 8.
6
Calculate -5 + 2 + -3 - -1.
-5
-2 - -2 - -2 - (-5 - -12)
-5
Calculate 3 + 0 - (2 - (-5 - 0)).
-4
What is the value of (5 + -4 - 4) + 0 + 1?
-2
What is the value of -8 - -1 - (-24 - -35 - 8)?
-10
Calculate 8 + -3 + 2 + -4.
3
What is -1 - (-4 + 9 - 3 - 1)?
-2
Calculate -1 - -4 - -1 - (-2 + 8).
-2
Evaluate 22 + -18 - (-1 + 3).
2
Calculate (-3 - 6) + 0 - -4.
-5
What is 3 + (3 - 5) + 6 - 0?
7
Evaluate 3 + (2 + -5 + 0 - -3).
3
Calculate 2 + 1 + -11 + 6.
-2
Calculate -3 + 4 + 1 + 0.
2
What is the value of 4 - (-8 + 4 + 7)?
1
8 + -7 + 0 + -3
-2
Calculate 4 - 4 - (-19 + 3 + 7).
9
Evaluate (-5 - (-2 - -8)) + 11.
0
What is -3 + 1 - (32 + -30) - -3?
-1
What is the value of 3 - (0 + 1 + 3)?
-1
What is 0 + (-7 - -7) - -4?
4
2 + -6 + (3 - (0 + 0))
-1
-10 + 9 - (-1 - 5)
5
What is (-1 - 9) + (4 - -4 - 4)?
-6
Calculate -6 + -6 + (6 - -4).
-2
-1 + (5 - 5) + (0 - 0)
-1
What is the value of (-2 - -5) + 2 - 4?
1
What is the value of 1 + (-5 + 9 - (4 - 1))?
2
What is (-8 - -10) + 11 + -10?
3
(6 - 2) + 1 + -3
2
What is the value of 0 + (2 - (-6 + 5))?
3
What is -2 + (4 - 11) + 7?
-2
(2 - -9) + -14 + (3 - -6)
6
What is the value of -2 + -2 - (-3 - -2)?
-3
Evaluate 2 + -3 + 0 + -1 + 6.
4
Evaluate -14 - -10 - (0 + 0).
-4
What is -3 + (0 - -2) - -2?
1
What is 8 + (-11 + 6 - -5)?
8
What is the value of 7 + 2 + -12 + 5?
2
Evaluate 4 - (-4 - (1 - 8)).
1
Evaluate (9 - 6) + (-1 - 4).
-2
What is (-3 - ((-13 - -5) + 2)) + 4?
7
What is 0 + -1 + -1 - -4?
2
Evaluate 9 + (4 - (15 + -8)).
6
Calculate 1 + 4 + (48 - 55).
-2
Evaluate (-3 - (-3 - -3)) + 1 + 1.
-1
Evaluate (0 - (1 + 0)) + 13 + -5.
7
What is -2 - (-4 + 0 - (-13 - -5))?
-6
What is the value of 2 - (-3 + 5) - 4?
-4
What is the value of 1 + 6 + (4 - 1 - 14)?
-4
-2 - ((-1 - 0) + 2 + 0)
-3
-1 + 1 - 0 - (-16 - -18)
-2
Calculate -1 + (19 - 17) + 0 + 1.
2
2 + -8 + 13 + -6
1
Calculate -10 + (3 - (-3 + -4)).
0
(0 + -2 - 1 - -3) + 4
4
(4 - 5) + -1 + 0 + 3
1
What is -2 - ((-1 - (2 - 3)) + 3)?
-5
What is the value of 11 + -4 - ((6 - 6) + 9)?
-2
0 + -4 + 1 - 0 - -1
-2
(-1 - (4 + -4 + -4)) + 0
3
Evaluate (-4 - 1) + 0 + 5 + -8.
-8
Evaluate 7 + (-11 - -2) - 0.
-2
Evaluate (-2 - (-3 + 1)) + 7 + -5.
2
-2 + -1 + 7 + -6 + 2
0
What is -3 - (3 - 5) - -6?
5
What is the value of -14 - -26 - (-3 - -19)?
-4
What is the value of -3 - (-2 + 4 + -2) - 1?
-4
What is the value of (9 - (16 - 0)) + 3 + -1?
-5
What is 5 + 9 + -3 + -6?
5
Evaluate -2 - (3 - (3 - 4)).
-6
-5 + 16 + -12 + (-2 - 0)
-3
What is the value of -1 + 0 + -5 + 11?
5
(3 + (-2 - 17) - -6) + 6
-4
What is 1 - (4 + 3 + -7)?
1
Evaluate 11 + -15 + (14 - 1) - 5.
4
Calculate -6 + (1 + 2 - -9).
6
What is 6 - (5 + 3) - -8?
6
-7 + 6 + 12 - 11
0
What is (-1 - 2) + 10 - (-1 - 2)?
10
What is 3 + (-7 - (6 + -9))?
-1
Evaluate 6 + 3 + (7 - 6) + -3.
7
2 - (-1 + 3 - 0)
0
What is the value of 21 + -23 + (2 - -1)?
1
Calculate 3 + -6 + -4 - -11.
4
What is 0 + -1 - (-3 + 7 + 0)?
-5
What is -7 - (-4 + 7 + -3) - -7?
0
Evaluate -1 - (9 - (2 + 4 - 3)).
-7
What is the value of -2 + (-1 - (2 + -10))?
5
What is the value of 8 - 3 - (0 + 1 - -1)?
3
What is the value of 40 + -47 - (0 + (-3 - -1))?
-5
Calculate -1 - (-7 + 1) - 9.
-4
Calculate 2 - -2 - (9 - 2) - -1.
-2
13 + -17 + 7 + 2
5
Evaluate 1 + (-6 - 2) + 3 + -2.
-6
Calculate 8 - ((13 - 3) + -6).
4
What is (1 - 2) + -2 + (0 - 1)?
-4
What is the value of (5 + -8 - 5 - -9) + -3?
-2
Evaluate 7 + (7 + -4 - 8) + -2.
0
What is the value of 14 - 18 - (0 - -3)?
-7
Evaluate 7 - (9 - (-3 + 10)).
5
What is the value of (0 - (-2 - 0 - -2)) + 2?
2
What is 1 + -11 + (-46 - -59)?
3
Calculate (-1 - -7) + (9 - 13) - 2.
0
What is -5 + 11 + -9 - -1?
-2
Evaluate (2 - (1 + -2)) + 6 + -5.
4
Evaluate (10 + -5 - (1 - 0)) + -3.
1
What is the value of 1 + -3 - (4 - 9)?
3
What is -2 - (-3 + 4 + -1 + -3)?
1
What is 2 + -2 + 0 + 1?
1
Calculate 3 - ((-4 - -1) + (16 - 12)).
2
What is the value of 2 + 1 - (5 + -4 - 2)?
4
What is the value of 7 - 3 - (-4 - -7)?
1
What is -1 + 1 + 2 + (26 - 32)?
-4
What is the value of 7 - ((0 - 2) + 6)?
3
What is 1 - 0 - 1 - 0?
0
(11 - 5) + (-3 - 1)
2
-2 + (13 - (-2 + 9))
4
0 + -5 + 0 + 5
0
Evaluate -1 + 2 + (-15 - -10).
-4
What is (-1 - 4) + (31 - 26)?
0
-1 + (3 + -8 - -5) + -3
-4
What is the value of (-21 - -12) + 2 + 9?
2
What is 4 + 2 + (-33 - -27)?
0
What is the value of (-5 - 3) + 13 + 0?
5
Calculate 0 - -5 - (-79 + 76).
8
What is the value of (-1 + 18 - (-60 - -59)) + -9?
9
Evaluate -5 + -6 - (-2 - 4 - -1).
-6
What is the value of 1 + -8 + (-141 - -153)?
5
-5 - (-4 - 3 - 0)
2
What is -17 + 11 - (7 - 3)?
-10
Calculate -6 - -10 - 6 - (3 - 9).
4
What is the value of 10 + (-6 - (14 - 7))?
-3
Evaluate (-12 + -9 + 13 - -4) + 0.
-4
What is the value of 7 + (-28 - -29) + -1 + -2?
5
Evaluate (8 + -3 - 5) + -2 + 2.
0
What is -1 - (-4 - (1 + (-5 - -2)))?
1
What is the value of -3 + -3 + 4 + 6?
4
Evaluate (-4 + -3 - -4) + (2 - -5).
4
Calculate 205 + -205 - (1 + 2).
-3
What is -6 - 3 - (-13 - 1)?
5
What is the value of 6 - 2 - (6 + 5 + -9)?
2
What is -27 + 19 + 13 + -4 + 0?
1
What is the value of (4 + 18 - 19) + (6 - -1)?
10
8 + (-4 + 2 - -2)
8
What is the value of -22 + 1 - (17 - 29)?
-9
(1 - 0) + 1 + 4 + -10
-4
(3 + (-9 - -1) - -3) + 2
0
22 + -11 + -4 + 1
8
Evaluate -6 - (-3 + -3) - 4.
-4
Calculate 4 - 1 - (-2 + 0 + 4).
1
Calculate -21 - -21 - (-2 + 0 + -1).
3
-8 + 2 - -4 - (-2 - 1)
1
What is the value of 3 + -3 + -2 - (2 + -6)?
2
What is 3 - (4 - 12 - -5)?
6
What is the value of -2 + 0 + (0 - (3 + -4))?
-1
What is the value of ((0 - 4) + 5 - 7) + 1?
-5
69 + -50 + 0 + -11
8
2 + -3 + (-3 + 5 - 1)
0
Calculate (8 - -1 - 2) + (-2 - 0).
5
What is (7 - 4) + (-1 - -1 - 3)?
0
What is the value of (-1 - -7) + (-11 - -6) + -1?
0
Calculate (4 - (-1 + (4 - 0))) + -2.
-1
What is 2 + (12 - 8 - (3 + -1))?
4
1 - -2 - (-4 + (-8 - -12))
3
Calculate -10 + 3 - (-1 + -1).
-5
What is -3 + 1 - ((-4 - 0) + 0)?
2
What is the value of -7 + (5 - 1 - 0) - 1?
-4
14 + 11 + (-6 - 15)
4
2 + (6 - 1) + 2 + -4
5
Calculate 13 + (-26 - -14) + -6.
-5
Calculate (-3 - 0) + (-20 - -19).
-4
What is the value of -3 + -3 + (-6 + 7 - -7)?
2
What is -2 + 0 + 7 + -10?
-5
Evaluate 10 + 2 + -16 + 9.
5
What is -2 + (-2 - -13 - 3)?
6
Evaluate -2 - (16 - (14 - 0)).
-4
Calculate (2 - 3) + (4 - -2) + -4.
1
What is (-3 - 0) + (-11 + 5 - -5)?
-4
What is the value of -6 - -2 - (-4 + 5)?
-5
What is the value of 11 - (22 + -11) - 3?
-3
Evaluate 18 + -22 + (2 - 1).
-3
Calculate -5 - (1 - (-2 + 7 - 4)).
-5
What is the value of 4 + -1 + (2 - 2 - 4)?
-1
What is the value of (5 + -21 - -9) + 3?
-4
Eva